s digit of 520?
0
What is the tens digit of 184?
8
What is the units digit of 15475?
5
What is the ten thousands digit of 52168?
5
What is the tens digit of 6942?
4
What is the thousands digit of 10214?
0
What is the hundreds digit of 7226?
2
What is the units digit of 25030?
0
What is the tens digit of 605?
0
What is the units digit of 170?
0
What is the hundreds digit of 5012?
0
What is the tens digit of 1323?
2
What is the hundreds digit of 1542?
5
What is the tens digit of 5866?
6
What is the tens digit of 25?
2
What is the hundreds digit of 1248?
2
What is the hundreds digit of 26484?
4
What is the tens digit of 1587?
8
What is the thousands digit of 54341?
4
What is the units digit of 864?
4
What is the ten thousands digit of 26143?
2
What is the tens digit of 806?
0
What is the hundreds digit of 21623?
6
What is the tens digit of 10403?
0
What is the units digit of 17096?
6
What is the thousands digit of 29514?
9
What is the tens digit of 185901?
0
What is the units digit of 896?
6
What is the hundreds digit of 29822?
8
What is the hundreds digit of 32231?
2
What is the thousands digit of 61445?
1
What is the units digit of 26315?
5
What is the units digit of 36588?
8
What is the tens digit of 17723?
2
What is the units digit of 788?
8
What is the tens digit of 1599?
9
What is the tens digit of 59754?
5
What is the units digit of 3435?
5
What is the units digit of 898?
8
What is the units digit of 20320?
0
What is the hundreds digit of 102?
1
What is the tens digit of 1112?
1
What is the units digit of 3452?
2
What is the units digit of 4711?
1
What is the ten thousands digit of 73396?
7
What is the thousands digit of 24243?
4
What is the units digit of 521?
1
What is the hundreds digit of 3295?
2
What is the hundreds digit of 4326?
3
What is the hundreds digit of 12207?
2
What is the thousands digit of 1323?
1
What is the units digit of 995?
5
What is the tens digit of 3238?
3
What is the hundreds digit of 699?
6
What is the tens digit of 62753?
5
What is the units digit of 39696?
6
What is the thousands digit of 127342?
7
What is the hundreds digit of 1106?
1
What is the units digit of 1519?
9
What is the tens digit of 2064?
6
What is the hundreds digit of 8710?
7
What is the tens digit of 514?
1
What is the units digit of 2115?
5
What is the units digit of 27916?
6
What is the units digit of 30140?
0
What is the hundreds digit of 15341?
3
What is the hundreds digit of 16580?
5
What is the units digit of 1546?
6
What is the units digit of 589?
9
What is the hundreds digit of 1276?
2
What is the ten thousands digit of 42998?
4
What is the tens digit of 1273?
7
What is the tens digit of 158795?
9
What is the units digit of 40667?
7
What is the tens digit of 228?
2
What is the tens digit of 53?
5
What is the hundreds digit of 22927?
9
What is the tens digit of 1586?
8
What is the tens digit of 177?
7
What is the hundreds digit of 23321?
3
What is the hundreds digit of 44735?
7
What is the units digit of 9343?
3
What is the hundreds digit of 13764?
7
What is the thousands digit of 6842?
6
What is the tens digit of 5345?
4
What is the ten thousands digit of 21948?
2
What is the tens digit of 14629?
2
What is the thousands digit of 11843?
1
What is the tens digit of 22690?
9
What is the hundreds digit of 1282?
2
What is the hundreds digit of 585?
5
What is the tens digit of 5623?
2
What is the hundreds digit of 1314?
3
What is the thousands digit of 3095?
3
What is the tens digit of 10194?
9
What is the units digit of 1710?
0
What is the hundreds digit of 759?
7
What is the tens digit of 1624?
2
What is the tens digit of 968?
6
What is the tens digit of 725?
2
What is the tens digit of 4676?
7
What is the tens digit of 5794?
9
What is the ten thousands digit of 21157?
2
What is the hundreds digit of 43720?
7
What is the tens digit of 136950?
5
What is the thousands digit of 1066?
1
What is the tens digit of 69901?
0
What is the hundreds digit of 1015?
0
What is the hundreds digit of 986?
9
What is the hundred thousands digit of 134758?
1
What is the tens digit of 78?
7
What is the hundreds digit of 6109?
1
What is the hundreds digit of 5723?
7
What is the thousands digit of 17441?
7
What is the thousands digit of 5186?
5
What is the hundreds digit of 18770?
7
What is the hundreds digit of 1195?
1
What is the tens digit of 10799?
9
What is the ten thousands digit of 45330?
4
What is the tens digit of 393?
9
What is the tens digit of 9916?
1
What is the tens digit of 1620?
2
What is the hundreds digit of 839?
8
What is the tens digit of 4073?
7
What is the units digit of 7788?
8
What is the thousands digit of 24655?
4
What is the tens digit of 11429?
2
What is the ten thousands digit of 93382?
9
What is the units digit of 18711?
1
What is the thousands digit of 48146?
8
What is the tens digit of 21561?
6
What is the tens digit of 65492?
9
What is the tens digit of 9471?
7
What is the thousands digit of 28769?
8
What is the tens digit of 26080?
8
What is the thousands digit of 62005?
2
What is the units digit of 801?
1
What is the tens digit of 7462?
6
What is the hundreds digit of 4055?
0
What is the thousands digit of 61455?
1
What is the ten thousands digit of 22673?
2
What is the hundred thousands digit of 129155?
1
What is the tens digit of 26915?
1
What is the tens digit of 8100?
0
What is the tens digit of 721?
2
What is the hundreds digit of 31325?
3
What is the hundreds digit of 2229?
2
What is the hundreds digit of 807?
8
What is the units digit of 91?
1
What is the tens digit of 743?
4
What is the ten thousands digit of 64282?
6
What is the units digit of 3894?
4
What is the hundreds digit of 19522?
5
What is the tens digit of 1700?
0
What is the tens digit of 1723?
2
What is the hundreds digit of 42636?
6
What is the tens digit of 17942?
4
What is the tens digit of 52962?
6
What is the tens digit of 472?
7
What is the tens digit of 124383?
8
What is the tens digit of 274?
7
What is the hundreds digit of 1109?
1
What is the hundreds digit of 3805?
8
What is the ten thousands digit of 82299?
8
What is the hundreds digit of 22137?
1
What is the ten thousands digit of 31244?
3
What is the thousands digit of 38657?
8
What is the units digit of 1204?
4
What is the hundreds digit of 52977?
9
What is the thousands digit of 7197?
7
What is the tens digit of 1484?
8
What is the hundreds digit of 5807?
8
What is the thousands digit of 6694?
6
What is the tens digit of 23207?
0
What is the tens digit of 50?
5
What is the hundreds digit of 1402?
4
What is the hundreds digit of 62639?
6
What is the tens digit of 145925?
2
What is the ten thousands digit of 21464?
2
What is the units digit of 9064?
4
What is the units digit of 149015?
5
What is the tens digit of 165?
6
What is the hundreds digit of 331?
3
What is the hundreds digit of 407?
4
What is the tens digit of 2965?
6
What is the hundreds digit of 11202?
2
What is the hundreds digit of 920?
9
What is the units digit of 784?
4
What is the units digit of 56684?
4
What is the thousands digit of 1097?
1
What is the tens digit of 19068?
6
What is the units digit of 485?
5
What is the thousands digit of 3582?
3
What is the units digit of 52168?
8
What is the units digit of 278?
8
What is the tens digit of 55?
5
What is the ten thousands digit of 101278?
0
What is the ten thousands digit of 22512?
2
What is the thousands digit of 27948?
7
What is the tens digit of 125?
2
What is the units digit of 1904?
4
What is the units digit of 2345?
5
What is the thousands digit of 7704?
7
What is the hundreds digit of 2731?
7
What is the hundreds digit of 975?
9
What is the units digit of 274?
4
What is the ten thousands digit of 10156?
1
What is the thousands digit of 1673?
1
What is the units digit of 8541?
1
What is the tens digit of 631?
3
What is the thousands digit of 5592?
5
What is the thousands digit of 43238?
3
What is the thousands digit of 17209?
7
What is the tens digit of 64?
6
What is the units digit of 335?
5
What is the ten thousands digit of 171339?
7
What is the tens digit of 3876?
7
What is the thousands digit of 1570?
1
What is the tens digit of 1026?
2
What is the units digit of 116199?
9
What is the thousands digit of 32409?
2
What is the thousands digit of 2429?
2
What is the hu